{"id":915,"date":"2018-04-01T14:50:59","date_gmt":"2018-04-01T12:50:59","guid":{"rendered":"http:\/\/uhlenflug-peine.de\/?page_id=915"},"modified":"2018-04-01T14:50:59","modified_gmt":"2018-04-01T12:50:59","slug":"schnupperkurs-2018","status":"publish","type":"page","link":"https:\/\/www.uhlenflug-peine.de\/?page_id=915","title":{"rendered":"Schnupperkurs 2018"},"content":{"rendered":"<p><strong><span style=\"font-family: Arial, sans-serif;\">Schnupperkurs 2018<\/span><\/strong><\/p>\n<p><span style=\"font-family: Arial, sans-serif;\">Dieses Jahr bekommt der Schnupperkurs im Uhlenflug Peine ein neues Format. Es werden f\u00fcnf mal f\u00fcr jeweils drei Wochenenden zwei Schnuppersch\u00fcler aufgenommen. Der Kurs beinhaltet 5 Fl\u00fcge im Segelflugzeug, davon ein F-Schlepp. Wer davon noch nicht genug hat, kann bis zu 5 weitere Fl\u00fcge zu Mitgliederpreisen machen. Um wie ein Flugsch\u00fcler von vorne fliegen zu d\u00fcrfen, ist eine Anmeldung 3-4 Wochen vor Kursbeginn und ein Treffen am Flugplatz notwendig. <\/span><\/p>\n<p><span style=\"font-family: Arial, sans-serif;\">Als Schnuppersch\u00fcler lernt ihr unser Vereinsleben erst richtig kennen, geflogen wird am Wochenende und an Feiertagen. Treffen ist morgens jeweils um 10 Uhr und Feierabend wenn abends alles wieder einger\u00e4umt ist. Anschlie\u00dfend gibt es noch oft gem\u00fctliche Abende im Vereinsheim.<\/span><\/p>\n<p><span style=\"font-family: Arial, sans-serif;\">Der Kurs kostet 60 \u20ac und findet zu folgenden Terminen statt:<\/span><\/p>\n<ul>\n<li><span style=\"font-family: Arial, sans-serif;\">Kurs 1: 19.05.-03.06.2018<\/span><\/li>\n<li><span style=\"font-family: Arial, sans-serif;\">Kurs 2: 09.06.-24.06.2018<\/span><\/li>\n<li><span style=\"font-family: Arial, sans-serif;\">Kurs 3: 30.06.-15.07.2018<\/span><\/li>\n<li><span style=\"font-family: Arial, sans-serif;\">Kurs 4: 04.08.-19.08.2018<\/span><\/li>\n<li><span style=\"font-family: Arial, sans-serif;\">Kurs 5: 01.09.-16.09.2018<\/span><\/li>\n<\/ul>\n<p><span style=\"font-family: Arial, sans-serif;\">Voraussetzungen: Mindestalter 14 Jahre, Gewicht 100 kg oder weniger.<\/span><\/p>\n<p><span style=\"font-family: Arial, sans-serif;\">Um die 5 Fl\u00fcge zu absolvieren, ist eine ganzt\u00e4gige Anweseneheit an mindestens 2 der 6 Kurstage bei fliegbarem Wetter notwendig. Fragen und Anmeldungen bitte an Silvia Reschka (schnupperkurs@uhlenflug-peine.de).<\/span><\/p>\n","protected":false},"excerpt":{"rendered":"<p>Schnupperkurs 2018 Dieses Jahr bekommt der Schnupperkurs im Uhlenflug Peine ein neues Format. Es werden f\u00fcnf mal f\u00fcr jeweils drei Wochenenden zwei Schnuppersch\u00fcler aufgenommen. Der Kurs beinhaltet 5 Fl\u00fcge im Segelflugzeug, davon ein F-Schlepp. Wer davon noch nicht genug hat, kann bis zu 5 weitere Fl\u00fcge zu Mitgliederpreisen machen. Um wie ein Flugsch\u00fcler von vorne [&hellip;]<\/p>\n","protected":false},"author":1,"featured_media":0,"parent":0,"menu_order":0,"comment_status":"closed","ping_status":"closed","template":"","meta":{"_bbp_topic_count":0,"_bbp_reply_count":0,"_bbp_total_topic_count":0,"_bbp_total_reply_count":0,"_bbp_voice_count":0,"_bbp_anonymous_reply_count":0,"_bbp_topic_count_hidden":0,"_bbp_reply_count_hidden":0,"_bbp_forum_subforum_count":0,"footnotes":""},"class_list":["post-915","page","type-page","status-publish","hentry"],"_links":{"self":[{"href":"https:\/\/www.uhlenflug-peine.de\/index.php?rest_route=\/wp\/v2\/pages\/915","targetHints":{"allow":["GET"]}}],"collection":[{"href":"https:\/\/www.uhlenflug-peine.de\/index.php?rest_route=\/wp\/v2\/pages"}],"about":[{"href":"https:\/\/www.uhlenflug-peine.de\/index.php?rest_route=\/wp\/v2\/types\/page"}],"author":[{"embeddable":true,"href":"https:\/\/www.uhlenflug-peine.de\/index.php?rest_route=\/wp\/v2\/users\/1"}],"replies":[{"embeddable":true,"href":"https:\/\/www.uhlenflug-peine.de\/index.php?rest_route=%2Fwp%2Fv2%2Fcomments&post=915"}],"version-history":[{"count":1,"href":"https:\/\/www.uhlenflug-peine.de\/index.php?rest_route=\/wp\/v2\/pages\/915\/revisions"}],"predecessor-version":[{"id":916,"href":"https:\/\/www.uhlenflug-peine.de\/index.php?rest_route=\/wp\/v2\/pages\/915\/revisions\/916"}],"wp:attachment":[{"href":"https:\/\/www.uhlenflug-peine.de\/index.php?rest_route=%2Fwp%2Fv2%2Fmedia&parent=915"}],"curies":[{"name":"wp","href":"https:\/\/api.w.org\/{rel}","templated":true}]}}