{"id":60,"date":"2014-04-19T12:44:30","date_gmt":"2014-04-19T12:44:30","guid":{"rendered":"http:\/\/uhlenflug-peine.de\/?page_id=60"},"modified":"2024-11-04T08:23:50","modified_gmt":"2024-11-04T07:23:50","slug":"ls4b","status":"publish","type":"page","link":"https:\/\/www.uhlenflug-peine.de\/?page_id=60","title":{"rendered":"LS4b"},"content":{"rendered":"<p>Baujahr: 1997<br \/>\nHersteller: Rolladen-Schneider Flugzeugbau GMBH<br \/>\nBauweise: GFK-Sandwich-Bauweise:<br \/>\nSitze: 1<br \/>\nL\u00e4nge: 6,66m<br \/>\nSpannweite: 15,00m<br \/>\nH\u00f6chstzul.Geschwindigkeit: 280 km\/h<br \/>\nH\u00f6chstzul.Fluggewicht: 525kg<br \/>\nGleitzahl: 40<\/p>\n<p>Die LS4b ist ein beliebtes einsitziges Segelflugzeug der Standardklasse, des deutschen Herstellers Rollladen-Schleicher, welches bei uns vor allem f\u00fcr Streckenfl\u00fcge eingesetzt wird. Aber auch bei erfahrenen Sch\u00fclern ist die LS4 sehr beliebt und durch ihre recht einfache Handhabung gut in der Schulung einzusetzen. Die LS4b hat im Vergleich zu ihrem Vorg\u00e4nger aerodynamische Ab\u00e4nderungen, welche die Flugeigenschaften verbessern.<\/p>\n<p><a href=\"http:\/\/uhlenflug-peine.de\/wp-content\/uploads\/2014\/04\/LS4-3hp.jpg\"><img loading=\"lazy\" decoding=\"async\" class=\"alignright size-full wp-image-53\" src=\"http:\/\/uhlenflug-peine.de\/wp-content\/uploads\/2014\/04\/LS4-3hp.jpg\" alt=\"LS4-3hp\" width=\"230\" height=\"172\" \/><\/a><\/p>\n","protected":false},"excerpt":{"rendered":"<p>Baujahr: 1997 Hersteller: Rolladen-Schneider Flugzeugbau GMBH Bauweise: GFK-Sandwich-Bauweise: Sitze: 1 L\u00e4nge: 6,66m Spannweite: 15,00m H\u00f6chstzul.Geschwindigkeit: 280 km\/h H\u00f6chstzul.Fluggewicht: 525kg Gleitzahl: 40 Die LS4b ist ein beliebtes einsitziges Segelflugzeug der Standardklasse, des deutschen Herstellers Rollladen-Schleicher, welches bei uns vor allem f\u00fcr Streckenfl\u00fcge eingesetzt wird. Aber auch bei erfahrenen Sch\u00fclern ist die LS4 sehr beliebt und durch [&hellip;]<\/p>\n","protected":false},"author":1,"featured_media":0,"parent":0,"menu_order":0,"comment_status":"closed","ping_status":"closed","template":"","meta":{"_bbp_topic_count":0,"_bbp_reply_count":0,"_bbp_total_topic_count":0,"_bbp_total_reply_count":0,"_bbp_voice_count":0,"_bbp_anonymous_reply_count":0,"_bbp_topic_count_hidden":0,"_bbp_reply_count_hidden":0,"_bbp_forum_subforum_count":0,"footnotes":""},"class_list":["post-60","page","type-page","status-publish","hentry"],"_links":{"self":[{"href":"https:\/\/www.uhlenflug-peine.de\/index.php?rest_route=\/wp\/v2\/pages\/60","targetHints":{"allow":["GET"]}}],"collection":[{"href":"https:\/\/www.uhlenflug-peine.de\/index.php?rest_route=\/wp\/v2\/pages"}],"about":[{"href":"https:\/\/www.uhlenflug-peine.de\/index.php?rest_route=\/wp\/v2\/types\/page"}],"author":[{"embeddable":true,"href":"https:\/\/www.uhlenflug-peine.de\/index.php?rest_route=\/wp\/v2\/users\/1"}],"replies":[{"embeddable":true,"href":"https:\/\/www.uhlenflug-peine.de\/index.php?rest_route=%2Fwp%2Fv2%2Fcomments&post=60"}],"version-history":[{"count":3,"href":"https:\/\/www.uhlenflug-peine.de\/index.php?rest_route=\/wp\/v2\/pages\/60\/revisions"}],"predecessor-version":[{"id":1210,"href":"https:\/\/www.uhlenflug-peine.de\/index.php?rest_route=\/wp\/v2\/pages\/60\/revisions\/1210"}],"wp:attachment":[{"href":"https:\/\/www.uhlenflug-peine.de\/index.php?rest_route=%2Fwp%2Fv2%2Fmedia&parent=60"}],"curies":[{"name":"wp","href":"https:\/\/api.w.org\/{rel}","templated":true}]}}