{"id":32,"date":"2014-04-19T12:23:56","date_gmt":"2014-04-19T12:23:56","guid":{"rendered":"http:\/\/uhlenflug-peine.de\/?page_id=32"},"modified":"2026-03-29T16:48:55","modified_gmt":"2026-03-29T15:48:55","slug":"unser-flugplatz","status":"publish","type":"page","link":"https:\/\/www.uhlenflug-peine.de\/?page_id=32","title":{"rendered":"Unser Flugplatz"},"content":{"rendered":"\n<figure class=\"wp-block-table\"><table class=\"has-fixed-layout\"><tbody><tr><td><strong>Kennung (Airport Code)<\/strong><\/td><td><strong>EDVP<\/strong><\/td><\/tr><tr><td><strong>Bezeichnung (Airport Name)<\/strong><\/td><td><strong>Peine-Glindbruchkippe<\/strong><\/td><\/tr><tr><td><strong>Rufzeichen (Call Sign)<\/strong><\/td><td><strong>Peine Radio<\/strong><\/td><\/tr><tr><td><strong>Frequenz (Radio)<\/strong><\/td><td><strong>122.830 MHz<\/strong><\/td><\/tr><tr><td><strong>Telefon (Phone)<\/strong><\/td><td><a href=\"tel:+49517121111\"><strong>+49-5171-21111<\/strong><\/a><\/td><\/tr><tr><td><strong>GPS Dezimal (GPS decimal)<\/strong><\/td><td><strong>52.323799, 10.181526<\/strong><\/td><\/tr><tr><td><strong>GPS Grad (GPS degrees)<\/strong><\/td><td><strong>52\u00b0 19\u2019 45\u201d N, 10\u00b0 10\u2019 88\u201d E<\/strong><\/td><\/tr><tr><td><strong>Flugplatzh\u00f6he (Elevation)<\/strong><\/td><td><strong>246 ft AMSL<\/strong><\/td><\/tr><tr><td><strong>Landebahn (Runway)<\/strong><\/td><td><strong>09 \/ 27 GRASS<\/strong><\/td><\/tr><tr><td><strong>L\u00e4nge und Breite (Dimensions)<\/strong><\/td><td><strong>613 m x 30 m, TORA 613 m, LDA 613 m<\/strong><\/td><\/tr><\/tbody><\/table><\/figure>\n\n\n\n<figure class=\"wp-block-image size-large\"><a href=\"https:\/\/www.openaip.net\/data\/airports\/62614a9c5e9ded5710445123\"><img loading=\"lazy\" decoding=\"async\" width=\"1024\" height=\"696\" src=\"https:\/\/www.uhlenflug-peine.de\/wp-content\/uploads\/2026\/03\/EDVP0-1-1024x696.png\" alt=\"\" class=\"wp-image-1248\" srcset=\"https:\/\/www.uhlenflug-peine.de\/wp-content\/uploads\/2026\/03\/EDVP0-1-1024x696.png 1024w, https:\/\/www.uhlenflug-peine.de\/wp-content\/uploads\/2026\/03\/EDVP0-1-300x204.png 300w, https:\/\/www.uhlenflug-peine.de\/wp-content\/uploads\/2026\/03\/EDVP0-1-768x522.png 768w, https:\/\/www.uhlenflug-peine.de\/wp-content\/uploads\/2026\/03\/EDVP0-1-624x424.png 624w, https:\/\/www.uhlenflug-peine.de\/wp-content\/uploads\/2026\/03\/EDVP0-1-500x340.png 500w, https:\/\/www.uhlenflug-peine.de\/wp-content\/uploads\/2026\/03\/EDVP0-1-800x543.png 800w, https:\/\/www.uhlenflug-peine.de\/wp-content\/uploads\/2026\/03\/EDVP0-1-1280x870.png 1280w, https:\/\/www.uhlenflug-peine.de\/wp-content\/uploads\/2026\/03\/EDVP0-1.png 1522w\" sizes=\"auto, (max-width: 1024px) 100vw, 1024px\" \/><\/a><\/figure>\n\n\n\n<figure class=\"wp-block-image size-large\"><a href=\"https:\/\/www.uhlenflug-peine.de\/wp-content\/uploads\/2026\/03\/EDVP1.png\"><img loading=\"lazy\" decoding=\"async\" width=\"722\" height=\"1024\" src=\"https:\/\/www.uhlenflug-peine.de\/wp-content\/uploads\/2026\/03\/EDVP1-722x1024.png\" alt=\"\" class=\"wp-image-1240\" srcset=\"https:\/\/www.uhlenflug-peine.de\/wp-content\/uploads\/2026\/03\/EDVP1-722x1024.png 722w, https:\/\/www.uhlenflug-peine.de\/wp-content\/uploads\/2026\/03\/EDVP1-211x300.png 211w, https:\/\/www.uhlenflug-peine.de\/wp-content\/uploads\/2026\/03\/EDVP1-768x1090.png 768w, https:\/\/www.uhlenflug-peine.de\/wp-content\/uploads\/2026\/03\/EDVP1-624x885.png 624w, https:\/\/www.uhlenflug-peine.de\/wp-content\/uploads\/2026\/03\/EDVP1-500x709.png 500w, https:\/\/www.uhlenflug-peine.de\/wp-content\/uploads\/2026\/03\/EDVP1-800x1135.png 800w, https:\/\/www.uhlenflug-peine.de\/wp-content\/uploads\/2026\/03\/EDVP1.png 874w\" sizes=\"auto, (max-width: 722px) 100vw, 722px\" \/><\/a><\/figure>\n\n\n\n<figure class=\"wp-block-image size-large\"><a href=\"https:\/\/www.uhlenflug-peine.de\/wp-content\/uploads\/2026\/03\/EDVP2.png\"><img loading=\"lazy\" decoding=\"async\" width=\"723\" height=\"1024\" src=\"https:\/\/www.uhlenflug-peine.de\/wp-content\/uploads\/2026\/03\/EDVP2-723x1024.png\" alt=\"\" class=\"wp-image-1242\" srcset=\"https:\/\/www.uhlenflug-peine.de\/wp-content\/uploads\/2026\/03\/EDVP2-723x1024.png 723w, https:\/\/www.uhlenflug-peine.de\/wp-content\/uploads\/2026\/03\/EDVP2-212x300.png 212w, https:\/\/www.uhlenflug-peine.de\/wp-content\/uploads\/2026\/03\/EDVP2-768x1088.png 768w, https:\/\/www.uhlenflug-peine.de\/wp-content\/uploads\/2026\/03\/EDVP2-624x884.png 624w, https:\/\/www.uhlenflug-peine.de\/wp-content\/uploads\/2026\/03\/EDVP2-500x709.png 500w, https:\/\/www.uhlenflug-peine.de\/wp-content\/uploads\/2026\/03\/EDVP2-800x1134.png 800w, https:\/\/www.uhlenflug-peine.de\/wp-content\/uploads\/2026\/03\/EDVP2.png 875w\" sizes=\"auto, (max-width: 723px) 100vw, 723px\" \/><\/a><\/figure>\n\n\n<pre style=\"text-align: center;\"><a href=\"http:\/\/uhlenflug-peine.de\/wp-content\/uploads\/2014\/04\/IMG_3913k.jpg\"><img loading=\"lazy\" decoding=\"async\" class=\"aligncenter size-large wp-image-688\" src=\"http:\/\/uhlenflug-peine.de\/wp-content\/uploads\/2014\/04\/IMG_3913k-1024x683.jpg\" alt=\"\" width=\"700\" height=\"467\" srcset=\"https:\/\/www.uhlenflug-peine.de\/wp-content\/uploads\/2014\/04\/IMG_3913k-1024x683.jpg 1024w, https:\/\/www.uhlenflug-peine.de\/wp-content\/uploads\/2014\/04\/IMG_3913k-300x200.jpg 300w, https:\/\/www.uhlenflug-peine.de\/wp-content\/uploads\/2014\/04\/IMG_3913k-768x512.jpg 768w, https:\/\/www.uhlenflug-peine.de\/wp-content\/uploads\/2014\/04\/IMG_3913k.jpg 1250w\" sizes=\"auto, (max-width: 700px) 100vw, 700px\" \/><\/a>Unser Flugplatz aus der Luft (Bild bereitgestellt von C. Hartlep)<\/pre>\n<p><strong>Zulassungen<\/strong><\/p>\n<p>Die Glindbruchkippe ist seit 2016 als Sonderlandeplatz (EDVP) zugelassen. Vor dieser Zeit wurde das K\u00fcrzel f\u00fcr den mittlerweile geschlossenen Flugplatz Peine-Eddesee verwendet. Bitte stellen Sie sicher, aktuelles Kartenmaterial zu verwenden, um Verwechselungen zu vermeiden.<\/p>\n<p><strong>Anflug<\/strong><\/p>\n<p>Die Piste ist in Richtung 27 bzw. 09 ausgerichtet. Die Platzrunde liegt s\u00fcdlich vom Platz, die Platzrundenh\u00f6he ist 1.000 ft MSL. Wohngebiete werden nicht \u00fcberflogen. Bei starkem Wind mit S\u00fcdkomponente ist in beiden Anflugrichtungen mit Leeturbulenzen zu rechnen.<\/p>\n<p><strong>Anfahrt<\/strong><\/p>\n<p>Von Peine in Richtung Burgdorf. Im Ortsteil Telgte links in die Hannoversche Heerstra\u00dfe abbiegen. Nach ca. 1 km den Rechtsknick der Strasse nicht mitfahren, sondern geradeaus \u00fcber den Bahn\u00fcbergang an dem \u201cAnlieger frei\u201d \u2013 Schild vorbei in die Feldmark. Nach ca. 1 km links auf die \u201cKippe\u201d. Nach ca. 300 m vor den Hallen rechts auf den Parkplatz.<\/p>\n<p>Von Hannover \u00fcber die BAB 2 Richtung\u00a0 Berlin. Abfahrt H\u00e4melerwald, von dort nach V\u00f6hrum. In V\u00f6hrum der Beschilderung Richtung Rosenthal folgen. Nach dem Ortsausgang V\u00f6hrum nach ca. 1 km links an dem \u201cAnlieger frei\u201d \u2013 Schild vorbei auf einen ungeteerten Weg in die Feldmark abbiegen. Nach ca. 1 km rechts. Nach ca. 300 m vor den Hallen rechts auf den Parkplatz. Der Flugplatz selbst darf nicht befahren werden (auch nicht mit Rollern, Fahrr\u00e4dern, Mofas, etc.), es stehen ausreichend Parkpl\u00e4tze vor den Geb\u00e4uden zur Verf\u00fcgung.<\/p>\n<p>Die Navigation \u00fcber <a href=\"https:\/\/maps.app.goo.gl\/2gEbLht29kzZhWrJ9\">Google Maps<\/a> ist u.U. nicht korrekt. Nutzen Sie in diesen F\u00e4llen besser <a href=\"https:\/\/www.openstreetmap.org\/way\/32043568\">OpenStreetMap<\/a> oder <a href=\"https:\/\/maps.apple.com\/place?place-id=IC06D8D98A246097F&amp;address=31228+Peine%2C+Lower+Saxony%2C+Germany&amp;coordinate=52.323705%2C10.181671&amp;name=Peine-Glindbruchkippe+airfield&amp;_provider=9902\">Apple Maps<\/a>.<\/p>\n<p><strong>Warum eigentlich Glindbruchkippe?<\/strong><\/p>\n<p>Der Platz liegt auf einem 15 Meter hohen Plateau, das aus dem lehmigen Kanalaushub aufgesch\u00fcttet wurde. Die Gemarkung um den Platz hei\u00dft Glindbruch; deshalb der Name: Glindbruchkippe. \u00d6ffnungszeiten: auf Anfrage, normalerweise am Wochenende von 10:00 bis 18:00 Uhr.<\/p>","protected":false},"excerpt":{"rendered":"<p>Kennung (Airport Code) EDVP Bezeichnung (Airport Name) Peine-Glindbruchkippe Rufzeichen (Call Sign) Peine Radio Frequenz (Radio) 122.830 MHz Telefon (Phone) +49-5171-21111 GPS Dezimal (GPS decimal) 52.323799, 10.181526 GPS Grad (GPS degrees) 52\u00b0 19\u2019 45\u201d N, 10\u00b0 10\u2019 88\u201d E Flugplatzh\u00f6he (Elevation) 246 ft AMSL Landebahn (Runway) 09 \/ 27 GRASS L\u00e4nge und Breite (Dimensions) 613 m [&hellip;]<\/p>\n","protected":false},"author":1,"featured_media":0,"parent":0,"menu_order":0,"comment_status":"closed","ping_status":"closed","template":"","meta":{"_bbp_topic_count":0,"_bbp_reply_count":0,"_bbp_total_topic_count":0,"_bbp_total_reply_count":0,"_bbp_voice_count":0,"_bbp_anonymous_reply_count":0,"_bbp_topic_count_hidden":0,"_bbp_reply_count_hidden":0,"_bbp_forum_subforum_count":0,"footnotes":""},"class_list":["post-32","page","type-page","status-publish","hentry"],"_links":{"self":[{"href":"https:\/\/www.uhlenflug-peine.de\/index.php?rest_route=\/wp\/v2\/pages\/32","targetHints":{"allow":["GET"]}}],"collection":[{"href":"https:\/\/www.uhlenflug-peine.de\/index.php?rest_route=\/wp\/v2\/pages"}],"about":[{"href":"https:\/\/www.uhlenflug-peine.de\/index.php?rest_route=\/wp\/v2\/types\/page"}],"author":[{"embeddable":true,"href":"https:\/\/www.uhlenflug-peine.de\/index.php?rest_route=\/wp\/v2\/users\/1"}],"replies":[{"embeddable":true,"href":"https:\/\/www.uhlenflug-peine.de\/index.php?rest_route=%2Fwp%2Fv2%2Fcomments&post=32"}],"version-history":[{"count":24,"href":"https:\/\/www.uhlenflug-peine.de\/index.php?rest_route=\/wp\/v2\/pages\/32\/revisions"}],"predecessor-version":[{"id":1265,"href":"https:\/\/www.uhlenflug-peine.de\/index.php?rest_route=\/wp\/v2\/pages\/32\/revisions\/1265"}],"wp:attachment":[{"href":"https:\/\/www.uhlenflug-peine.de\/index.php?rest_route=%2Fwp%2Fv2%2Fmedia&parent=32"}],"curies":[{"name":"wp","href":"https:\/\/api.w.org\/{rel}","templated":true}]}}